33
Let s(o) = -20154*o + 100691. What is s(5)?
-79
Let p(a) = -104*a**2 - 7074*a - 132. What is p(-68)?
4
Let m(h) = -246754*h - 246909. Calculate m(-1).
-155
Let k(i) = -104*i**2 - 1085*i + 639. Determine k(-11).
-10
Let g(r) = 900697*r + 900680. What is g(-1)?
-17
Let c(y) = 173*y**2 + 3561*y + 21381. Determine c(-6).
6243
Let x(h) = -6*h**3 - 56*h**2 + 30*h + 448. Give x(-9).
16
Let b(o) = 6*o**2 - 213*o - 184. Calculate b(36).
-76
Let p(b) = 294*b - 3611. Determine p(16).
1093
Let h(v) = 82*v**2 - 5904*v + 15. What is h(72)?
15
Let k(v) = -v**3 + 79*v**2 + 2473*v - 19. Give k(-24).
-43
Let o(z) = 5*z**2 + 411*z + 8358. What is o(-45)?
-12
Let r(f) = -1371*f + 42278. Calculate r(31).
-223
Let z(p) = -8*p**2 + 393*p + 2309. Determine z(55).
-276
Let r(f) = f**3 + 15*f**2 - 119*f + 150. Determine r(4).
-22
Let b(k) = -4*k**3 + 101*k**2 + 69*k - 2146. Determine b(25).
204
Let n(b) = 63*b**2 + 7175*b - 468. What is n(-114)?
330
Let j(i) = 2*i**3 - 3*i**2 - 62*i + 1129. Give j(8).
1465
Let l(w) = -w**2 + 207*w - 5335. Determine l(33).
407
Let k(w) = 27960*w**2 + 307560*w + 4. Determine k(-11).
4
Let i(p) = -7*p**2 + 2802*p - 100698. Give i(40).
182
Let t(h) = 3382*h + 125122. Give t(-37).
-12
Let g(z) = 1878*z + 80747. What is g(-43)?
-7
Let w(h) = -h**3 + 14*h**2 + 5562*h - 83271. Determine w(15).
-66
Let r(l) = -l**2 - 11947*l - 309890. What is r(-26)?
56
Let w(a) = 15*a**2 + 48820*a - 17. Calculate w(0).
-17
Let c(j) = -97*j**2 - 3631*j - 12976. Give c(-4).
-4
Let i(a) = 3*a**2 - 11*a - 9389. Give i(58).
65
Let q(l) = -941*l - 97864. Calculate q(-104).
0
Let u(q) = 2*q**3 + 29*q**2 + 28*q + 394. Calculate u(-16).
-822
Let f(d) = -d**3 - 388*d**2 - 10411*d + 253. Give f(-359).
253
Let q(n) = -1607*n + 348715. What is q(217)?
-4
Let c(g) = 5426*g - 14161. What is c(3)?
2117
Let b(d) = 154*d + 2094. Calculate b(-8).
862
Let z(f) = f**2 + 1056*f - 38193. Calculate z(35).
-8
Let b(k) = k**3 - 394*k**2 + 4934*k + 7218. What is b(381)?
-21
Let s(p) = -p**2 + 4643*p + 4112458. What is s(-761)?
14
Let d(y) = -4*y**2 - 2348*y - 77274. Calculate d(-552).
6
Let u(m) = -61*m**2 - 1779*m - 235. Determine u(-29).
55
Let c(h) = h**3 - 23*h**2 - 50*h - 40. Give c(25).
-40
Let f(h) = 2*h**2 + 115*h + 1355. Determine f(-35).
-220
Let u(h) = 2585*h**3 - 2*h**2 + 504*h - 503. Determine u(1).
2584
Let r(c) = c**3 + 802*c**2 + 14170*c + 45687. Calculate r(-784).
215
Let s(f) = -f**3 - 203*f**2 + 19*f + 4407. Calculate s(-203).
550
Let u(r) = 4*r**3 - 1655*r**2 - 27452*r + 827. Calculate u(-16).
-5
Let g(w) = -3*w**3 + 1062*w**2 + 10919*w + 472. Calculate g(364).
108
Let x(r) = 27245*r - 1280510. Calculate x(47).
5
Let p(a) = -34957*a + 1992464. What is p(57)?
-85
Let o(d) = -152*d + 1167. Calculate o(-3).
1623
Let a(c) = -635*c - 161877. Determine a(-255).
48
Let w(f) = -f**3 + 178*f**2 - 5537*f + 686. Determine w(40).
6
Let h(j) = -j**3 - 70*j**2 + 137*j - 561. Determine h(-72).
-57
Let r(k) = 9456*k - 539011. Give r(57).
-19
Let u(l) = -1074*l**2 - 322204*l - 1200. Determine u(-300).
0
Let m(z) = -16*z**2 + z - 414. What is m(0)?
-414
Let o(s) = -318*s - 7726. Give o(-24).
-94
Let h(k) = 4355*k - 26886. Determine h(6).
-756
Let o(n) = 2*n**3 + 259*n**2 - 145*n - 338. Calculate o(-130).
1612
Let h(o) = o**3 - 202*o**2 - 1474*o - 7. Give h(-7).
70
Let v(b) = b**2 + 112*b + 2930. What is v(-45)?
-85
Let t(o) = 13101*o + 1205286. Calculate t(-92).
-6
Let p(q) = q**3 + 504*q**2 - 29520*q + 564. Determine p(-557).
7
Let a(u) = -1807*u + 106491. Give a(59).
-122
Let b(z) = -z**3 - 158*z**2 - 398*z - 13404. Calculate b(-156).
12
Let q(h) = 1788*h**2 + 9007*h + 343. What is q(-5)?
8
Let h(l) = 3*l**2 + 57*l - 1683. Calculate h(17).
153
Let a(u) = u**2 + 1501*u + 482320. Give a(-466).
10
Let s(w) = -464*w + 6325. Calculate s(14).
-171
Let v(z) = -z**3 - 79*z**2 - 626*z + 15274. Give v(10).
114
Let o(a) = -a**3 - 11*a**2 - 472*a - 2216. Calculate o(-5).
-6
Let k(o) = -o**2 - 122*o + 9090. What is k(-174)?
42
Let u(i) = -2*i**3 - 3*i**2 - 3577*i - 21770. What is u(-6)?
16
Let a(o) = 60*o + 6824. What is a(-111)?
164
Let o(w) = -135*w**3 + 30*w**2 + 70*w + 28. Determine o(-2).
1088
Let u(h) = -8188*h + 294793. What is u(36)?
25
Let l(w) = w**3 - 50*w**2 - 8213*w - 58. What is l(119)?
-296
Let v(g) = -9770*g - 273601. Give v(-28).
-41
Let a(r) = -r**3 + 17*r**2 + 663*r - 8653. Give a(12).
23
Let y(o) = -35808*o + 501247. What is y(14)?
-65
Let a(y) = y**3 - 317*y**2 - 847*y - 36142. Determine a(320).
18
Let y(r) = -102672*r + 3696198. Determine y(36).
6
Let m(w) = -4*w**2 + 399*w - 660. Calculate m(98).
26
Let d(a) = -3510*a - 86166. Give d(-25).
1584
Let c(o) = 10*o**2 + 331*o + 2767. Give c(-15).
52
Let v(c) = c**2 + 1509*c - 60504. Calculate v(39).
-132
Let o(n) = n**2 - 121514*n - 1215228. Calculate o(-10).
12
Let c(t) = -134*t**3 - 75*t**2 + 137*t + 27. Give c(2).
-1071
Let b(f) = -8*f**3 + 186*f**2 + 109*f + 823. What is b(24)?
-17
Let x(l) = 4*l**3 - 1172*l**2 + 395*l - 115776. Calculate x(293).
-41
Let b(k) = 2*k**3 - 13*k**2 + 7756*k - 46528. Determine b(6).
-28
Let a(s) = 51*s**2 + 106*s + 527. Give a(-5).
1272
Let i(k) = -202103*k + 1415294. Give i(7).
573
Let t(q) = -57*q**2 - 46746*q - 4920. Determine t(-820).
0
Let m(k) = 4*k**3 + 969*k**2 + 2912*k - 35. Determine m(-3).
-158
Let w(k) = 4*k**2 - 2804*k - 267246. Give w(-85).
-6
Let z(o) = -5541*o + 66348. Give z(12).
-144
Let m(z) = z**2 - 168*z + 5977. Calculate m(47).
290
Let x(o) = -o**2 + 856255*o - 3425032. What is x(4)?
-28
Let x(i) = -i**3 + 49*i**2 - 81*i + 1492. Determine x(48).
-92
Let l(i) = -i**3 - 2*i**2 + 48*i + 407. Determine l(-6).
263
Let h(a) = -2726*a + 567013. What is h(208)?
5
Let g(i) = -5*i**3 - i**2 + 5313*i - 234. What is g(0)?
-234
Let n(y) = 5355*y + 101750. What is n(-19)?
5
Let o(p) = 3377*p - 169082. What is o(50)?
-232
Let f(r) = -32012*r - 194575. Calculate f(-6).
-2503
Let y(g) = -18*g**2 - 1785*g - 320. Give y(-99).
-23
Let z(v) = 745*v + 166893. Calculate z(-224).
13
Let q(a) = -a**3 + 33*a**2 + 618*a - 121. Give q(46).
799
Let m(l) = 3*l**3 - 49*l**2 + 166*l - 78. Give m(12).
42
Let t(d) = -3713*d + 694219. What is t(187)?
-112
Let s(r) = 727*r**2 + 5207*r + 826. Give s(-7).
0
Let z(j) = -4*j**3 + 170*j**2 - 80*j - 30. What is z(42)?
138
Let b(q) = 130*q**2 + 7944*q + 5. Determine b(-61).
-849
Let o(a) = a**2 + 754*a + 117851. Give o(-221).
58
Let c(l) = -46*l**2 + 9975*l + 11497. Determine c(218).
-57
Let b(y) = -1570*y + 293527. What is b(187)?
-63
Let j(g) = g**2 + 762*g + 122964. Give j(-232).
4
Let c(v) = 549*v**3 + 1637*v**2 + 4*v + 5. Calculate c(-3).
-97
Let x(k) = 73*k - 151. Determine x(-2).
-297
Let u(w) = w**2 - 302*w - 8068. Give u(-25).
107
Let j(h) = 381101*h + 1524420. Calculate j(-4).
16
Let p(b) = 593*b**3 - 7709*b**2 + 5*b - 29. Give p(13).
36
Let h(o) = o**3 + 31*o**2 + 106*o - 1563. What is h(-24)?
-75
Let n(k) = 2*k**3 - 74*k**2 + 580*k - 52. Give n(11).
36
Let s(f) = f**2 - 1626*f - 34567. Determine s(-21).
20
Let f(d) = -25*d**2 - 420*d + 155. Give f(-17).
70
Let g(b) = 2*b**3 + 21*b**2 + 37*b + 56. Determine g(-7).
140
Let c(w) = -w**3 + 2*w**2 + 620*w - 3174. Give c(5).
-149
Let z(r) = r**3 + 127*r**2 + 607*r - 224. Give z(-122).
142
Let c(s) = -5*s**2 - 3349*s + 354741. Calculate c(93).
39
Let v(z) = -3*z**3 - 470*z**2 - 801*z - 4031. What is v(-155)?
-1
Let o(u) = 13*u**3 - 60*u**2 - 202*u + 891. What is o(5)?
6
Let m(y) = 4*y**2 + 162*y - 643. What is m(4)?
69
Let p(q) = 6*q**3 - 265*q**2 - 245*q + 403. Determine p(45).
-497
Let a(d) = 6*d**3 + 913*d**2 + 152*d + 396. Determine a(-152).
396
Let n(u) = u**2 + 196*u - 13477. Determine n(-250).
23
Let u(z) = -2*z**2 - 145*z + 12058. What is u(-122)?
-20
Let s(g) = 51*g**2 + 41*g + 43. What is s(-1)?
53
Let s(f) = -19407*f + 155258. Calculate s(8).
2
Let x(n) = 129*n - 4889. What is x(21)?
-2180
Let r(c) = 15*c**2 - 519*c - 1173. Calculate r(40).
2067
Let o(r) = -r**2 + 1027*r - 19192. Calculate o(19).
-40
Let s(h) = -h**3 - 196*h**2 - 953*h + 397. Calculate s(-191).
15
Let l(k) = 7*k**3 - 44*k**2 + 209*k - 71. Calculate l(6).
1111
Let y(w) = w**2 - 608*w + 8817. Give y(15).
-78
Let r(m) = m**3 - 158*m**2 + 4884*m + 277. Determine r(116).
1669
Let v(a) = -1500*a + 13098. Give v(8).
1098
Let s(i) = 